*k + 44. Calculate t(7).
-2
Suppose -227*t + 28 = -213*t. Let i(j) = j**2 - j - 1. Let l(x) = x - 9. Let d be l(8). Let p(h) = 4*h**2 - 2*h - 3. Let r(o) = d*p(o) + 3*i(o). Determine r(t).
-6
Suppose -6 = -2*g - f, -3*g + 6*f = 4*f - 16. Let q(s) be the second derivative of -s**3/3 + 3*s**2/2 + s. Determine q(g).
-5
Let t(r) be the second derivative of 1/3*r**3 - 6*r + 0 - 3*r**2. Let z be -18*(-1 - 0)/3. Determine t(z).
6
Let o be (-57)/95 - 111/15. Let f(p) = p**2 + 10*p + 8. Give f(o).
-8
Let v(o) = 14 + 4*o - 12*o + 6*o**2 - 5*o**2. Let t be v(6). Let h(s) = 3*s. Give h(t).
6
Let q(s) be the first derivative of 3*s + 2 + s**2 - 1/3*s**3. Give q(5).
-12
Let i(v) = -v + 3. Let p(s) = -s + 3. Let q be p(-5). Suppose 4*z + 24 = q*z. Give i(z).
-3
Let a(z) = -z**2 - 4*z - 1. Let k = -68 - -68. Suppose k = l - c, -21 + 6 = 3*c. What is a(l)?
-6
Let k(v) be the third derivative of -v**6/120 - 3*v**5/20 + 11*v**4/24 - 4*v**3/3 + v**2 - 5. Determine k(-10).
-18
Let f(z) = -11*z**2 - 18*z**2 - 4*z + 28*z**2 - z + z + 12. Determine f(-5).
7
Let z(f) = 5 + 5*f + 3*f**2 + 2*f**2 - f**3 - f**2. Let w(u) = -u**2 + 8*u - 4. Let m be w(3). Suppose 5*o = -m + 36. Give z(o).
5
Let h(g) = -3*g**3 - 22*g**2 + 23*g + 43. Let r(q) = 10*q**3 + 66*q**2 - 68*q - 130. Let k(s) = -7*h(s) - 2*r(s). Give k(-23).
5
Let d = 10 + -14. Let p(q) = -8 + 2 - 11*q**3 - 7*q + 12*q**3 + 3*q**2. What is p(d)?
6
Let v(h) be the first derivative of -h**3 + 3*h**2/2 + 3*h - 41. Give v(3).
-15
Let n(b) = b**2 - 7*b + 1. Let x be (-6)/(-15) - (-68)/(-20). Let u be 2 + (4 - (x - -3)). Give n(u).
-5
Let d = 503 + -1508/3. Let v(p) be the third derivative of 0*p + 0 - 3*p**2 - 1/8*p**4 + d*p**3. Give v(-2).
8
Let x(j) = j + 24. Let k = 1025 + -1035. What is x(k)?
14
Suppose d = -7*y + 78 + 32, -2*y + 5*d = -42. Let b(m) = m - 25. Determine b(y).
-9
Let x(p) = 2*p - 6. Let q = 74 - 44. Suppose 0 = 2*a + 3*a - q. Calculate x(a).
6
Let b(q) be the second derivative of q**2 - 23*q + 0 + 1/3*q**3. Give b(-5).
-8
Let s = 369 - 373. Let q(k) = k**2 + k - 2. Calculate q(s).
10
Let v(x) = 6*x - 7*x - 15*x + 2 - x**2 - 29. Determine v(-14).
1
Suppose z - 22 + 18 = 0. Let x = -1 - -4. Let v(p) = 5*p**2 + p - 7*p + 0*p - p**x + 5. Give v(z).
-3
Let t(u) = u + 1. Let h(m) = -2*m - 2. Let a(o) = -4*h(o) - 5*t(o). Let n be (1/(-3))/(7/(-987)). Let w = n - 50. What is a(w)?
-6
Let o(i) = 3*i**2 - 16*i + 5. Let p be o(7). Suppose -7*s - p = s. Let a(r) = -r**2 - 6*r - 1. What is a(s)?
4
Let z be 2 - (-9 - (-2 + -3)). Let b(j) = j. Calculate b(z).
6
Let t(f) = 5*f**3 + 2*f**2 + f - 4. Let k be t(2). Suppose -4*p - 3 = -5*h, 5*h + 0*h = -3*p - k. Let j(z) = -z - 17. Determine j(p).
-10
Let a = -1558 + 1571. Let g(x) = x**3 - 12*x**2 - 13*x - 6. Determine g(a).
-6
Let u be 4/(-2)*(-60)/12 + 1. Let o(v) = v**3 - 11*v**2 + v - 15. Give o(u).
-4
Let b(u) = 2*u + 1. Let t(s) = -8*s - 3. Let i(r) = -b(r) - t(r). Let v(p) = -2*p - 1. Let a(m) = -3*i(m) - 5*v(m). Determine a(1).
-9
Let o(t) = 23*t + 5. Let v(l) = 10*l + 2. Let y(r) = 2*o(r) - 5*v(r). Suppose -4 + 2 = i. Give y(i).
8
Let f(i) = 8*i - 1. Let n(m) = 5*m**2 + 6*m - 4. Let y(x) = -9*x**2 - 11*x + 7. Let w(s) = -7*n(s) - 4*y(s). Let u be w(-1). Calculate f(u).
-9
Let v = -9 + 12. Let k(m) = -13*m - v + 6*m + m. Give k(-2).
9
Let d(p) = 8*p - 545. Let f be d(68). Let y(w) = -45*w**3 - 2*w**2 + w + 2. Calculate y(f).
44
Let y(u) = 289*u + 0 - 9*u**2 - 279*u + u**3 - 4. What is y(7)?
-32
Let z(i) = i**3 - 7*i**2 + 7*i + 2. Let y(k) be the second derivative of -3*k**5/10 - k**4/6 - k**3/3 - k**2/2 - k. Let d be y(-1). Give z(d).
-13
Let s(g) = -20*g**3 - 6*g**2 - 5*g - 2. Let n(y) = 7*y**3 + 2*y**2 + 2*y + 1. Let f(a) = -17*n(a) - 6*s(a). Give f(-2).
3
Let f = -210 + 209. Let r(s) = -13*s**2 + s. Calculate r(f).
-14
Let m(z) = -54*z + 2. Let a be m(0). Let k(t) = -9*t**2 + t - 5. Determine k(a).
-39
Let t be (-3)/(-3) - 0/3. Let m = t + 6. Let q(w) = 2 + 2 + 0 + w - m. Give q(-4).
-7
Let i(n) = 64 + 8*n + 41*n - 125 + 62. Calculate i(-1).
-48
Let r(w) be the third derivative of 1/12*w**4 + 0 - 1/6*w**3 + 0*w + 36*w**2. Determine r(-3).
-7
Let s(u) = 6*u**2 - 3*u + 2. Let v be s(1). Let c(l) = -16*l + 0*l - l**3 + 10*l**2 + 2*l + v + 5*l. Calculate c(9).
5
Suppose 17*i + 168 = -25*i. Let l(a) = -a**3 - 4*a**2 - 2*a - 1. Calculate l(i).
7
Let y(m) = -m**2 + m + 20. Let q be y(-4). Let x(w) be the second derivative of 3/2*w**2 + q - 4*w - 1/6*w**3. Determine x(5).
-2
Let b(d) = d - 6. Let g(a) = -a + 10. Let l be g(8). Let f(i) = -i + 12. Let r(c) = l*f(c) + 5*b(c). Determine r(4).
6
Let n(o) = -11*o**2 - 2*o + 3. Let i(r) = -7*r**2 - r + 2. Let x = 8 + -3. Let p(y) = x*n(y) - 8*i(y). Determine p(-1).
2
Let y(s) be the second derivative of s**7/840 + s**6/40 + s**5/15 + s**4/12 + 5*s**3/3 - 3*s. Let t(l) be the second derivative of y(l). Determine t(-8).
2
Let t(u) = -u**2 - u - 15. Let m be (-3)/6 - 15/(-10). Let h be -10 + 14 - (5 - m). Determine t(h).
-15
Let p(g) be the first derivative of g**7/840 - g**6/90 + g**5/40 + 16*g**3/3 + 34. Let d(j) be the third derivative of p(j). Give d(2).
-2
Let p(l) be the third derivative of -17*l**5/60 + 33*l**2. What is p(-1)?
-17
Let b(u) be the first derivative of u**5/60 + u**4/24 + 4*u**3/3 + u**2/2 + 11*u + 20. Let q(c) be the second derivative of b(c). What is q(0)?
8
Let j be ((-1)/(-3) + -1)*18. Let u(f) = f**3 + 12*f**2 - f - 6. What is u(j)?
6
Let p(l) = 3*l + 5*l - 7*l - 6. Calculate p(6).
0
Let o(p) be the first derivative of p**5/120 - p**4/6 - 20*p**3/3 - 17. Let x(u) be the third derivative of o(u). Determine x(3).
-1
Let t(h) = -2*h + 2. Suppose -3*r = r - 8. Let l(d) = -d**2 + d - 3. Let y be l(r). Give t(y).
12
Let a(l) = -1 - 5*l**2 + 126*l - 136*l + 2 + 6 - l**3 - 5*l**2. Determine a(-8).
-41
Let a(f) = -2*f**2 - 10*f - 8. Suppose -4*t + 10 = 5*z, -3*z + 2*z + 3*t + 21 = 0. Let m(c) = 6*c**2 + 29*c + 23. Let n(k) = z*m(k) + 17*a(k). What is n(-2)?
2
Let c(y) = -y**3 - 5*y**2 + 3*y + 9. Let z(t) = -t**2 - 13*t - 28. Let v be z(-11). What is c(v)?
27
Suppose 2*l - 15 = -3. Let h(m) = -2 + 9 + 2*m**2 + 3*m - 2*m - l. Let b be (1/2)/((-3)/6). Determine h(b).
2
Let v(k) = 7*k - 40 + 6*k - 6*k + 42. What is v(-5)?
-33
Let y be (-3 - 0)*(-14)/12*4. Let j(f) = -f**3 + 14*f**2 + f - 11. Determine j(y).
3
Let g(k) be the third derivative of -k**4/24 + k**3/3 - 117*k**2. Give g(-2).
4
Let o(v) = v + 5. Let c(m) = m**3 + 6*m**2 + 3*m - 6. Let k be -8 + 3 + (0 - 0). Let y be c(k). Suppose y*r - 1 = -s - 2, 5*r + 5*s + 5 = 0. Determine o(r).
5
Let m = 18 - 16. Let v(j) = j**2 + 143 - 5*j - 142 - m*j**2. Let u be (-6)/(-1 - 20/(-8)). Determine v(u).
5
Let t(j) be the third derivative of j**6/120 + 7*j**5/20 - 15*j**4/8 + 9*j**3/2 - 28*j**2. Let k be t(-23). Let g(b) = -b**3 + 5*b**2 - 3*b - 3. What is g(k)?
1
Let t be 3 + (1 + -2 - 0). Suppose -16 = -2*b - t*b. Let j(l) = 5*l**2 - 3*l + 2 - 1 - b*l**2 - 5. What is j(5)?
6
Suppose -10 = 3*h + 2*g, -101*g = -2*h - 97*g + 20. Let q(v) be the third derivative of -v**5/60 - v**4/24 - 23*v**3/6 - v**2. Calculate q(h).
-23
Let m(q) be the second derivative of -2*q**2 + 1/6*q**3 - 5*q + 0. What is m(0)?
-4
Let i(q) = -8*q + 5. Let m(y) be the first derivative of 7/2*y**2 + 5 - 4*y. Let d(t) = -5*i(t) - 6*m(t). Calculate d(-2).
3
Let k(c) be the second derivative of c**4/12 - 5*c**3/6 + 3*c**2/2 - c - 44. What is k(7)?
17
Let o(v) = v**2 - 6*v + 1. Let a(u) = 2*u**2 + 12*u + 24. Let c be a(-3). Determine o(c).
1
Suppose 6*o + 9 = 3*o. Let s = o + 3. Let n(z) = -12*z**3 - 9*z**2 - 2*z - 4. Let w(j) = 5*j**3 + 4*j**2 + j + 2. Let l(g) = -3*n(g) - 7*w(g). Calculate l(s).
-2
Let y(c) = -4*c**2 - 12*c - 5. Let m(g) = -9*g**2 - 25*g - 11. Let j(d) = -6*m(d) + 13*y(d). Suppose -5*f + 28 = 2*s, -24*f = -22*f - 2*s. What is j(f)?
9
Let x(j) = -j**3 + 17*j**2 + 85*j - 27. Let f be x(21). Let r(a) = a**3 + 5*a**2 - 4*a - 4. Give r(f).
-16
Let f(o) = 2*o - 1. Let n be f(3). Let x(y) = -y**3 + 4*y**2 + 3*y + 2. What is x(n)?
-8
Let x(r) = 13*r - 10 - 45*r + 22*r. Let l(z) = -2*z - 2. Let q(h) = -14*l(h) + 3*x(h). Determine q(4).
-10
Let j(n) = 19*n + 22. Let w be j(-4). Let z = w + 49. Let k(b) = -3 - 2*b - b**2 + 0*b**2 - 3*b. Calculate k(z).
-3
Let o(x) = 5*x**3 + x + 12. Suppose